Select a Year or Month report
Report for 2016 Aug
MONTHLY CLIMATOLOGICAL SUMMARY for AUG. 2016
NAME: Profitis Ilias Weather Station CITY: Profitis Ilias STATE: Greece
ELEV: 355 m LAT: 35 12' 00" N LONG: 25 06' 00" E
TEMPERATURE (C), RAIN (mm), WIND SPEED (km/hr)
HEAT COOL AVG
MEAN DEG DEG WIND DOM
DAY TEMP HIGH TIME LOW TIME DAYS DAYS RAIN SPEED HIGH TIME DIR
------------------------------------------------------------------------------------
1 26.6 31.4 15:00 21.6 0:40 0.0 8.2 0.0 5.0 29.0 15:40 ESE
2 28.9 34.8 13:20 23.4 3:30 0.0 10.7 0.0 4.2 25.7 15:10 ESE
3 27.7 33.2 13:20 23.8 00:00 0.0 9.4 0.0 4.0 29.0 14:40 ESE
4 26.8 32.1 10:50 22.5 6:30 0.0 8.6 0.0 4.3 35.4 12:10 ESE
5 26.1 30.5 15:30 22.5 2:30 0.0 7.7 0.0 4.3 25.7 9:20 ESE
6 27.1 31.4 13:10 23.2 3:30 0.0 8.8 0.0 5.3 29.0 13:50 ESE
7 27.3 31.7 14:50 22.8 5:10 0.0 9.0 0.0 3.4 25.7 13:00 ESE
8 26.9 33.1 13:20 21.3 7:00 0.0 8.6 0.0 2.3 24.1 16:00 ESE
9 25.9 30.7 12:00 21.7 6:40 0.0 7.6 0.0 4.5 32.2 16:40 ESE
10 26.2 31.8 16:10 21.5 6:40 0.0 7.9 0.0 2.4 32.2 14:50 ESE
11 27.0 33.2 14:40 22.0 4:10 0.0 8.7 0.0 3.5 29.0 12:20 ESE
12 28.0 34.9 14:10 22.3 6:40 0.0 9.7 0.0 3.4 24.1 12:20 ESE
13 24.7 29.4 14:00 21.1 00:00 0.0 6.4 0.0 3.1 29.0 11:40 ESE
14 23.3 28.6 13:10 20.3 3:10 0.0 5.0 0.0 3.5 29.0 15:30 E
15 23.1 27.7 11:20 19.7 6:40 0.0 4.8 0.0 5.0 35.4 13:50 ESE
16 24.2 31.4 14:10 19.0 2:20 0.0 5.9 0.0 4.2 27.4 15:10 ESE
17 25.6 30.9 13:20 20.4 2:10 0.0 7.2 0.0 3.2 24.1 12:40 ESE
18 26.8 34.0 15:30 20.3 6:20 0.0 8.5 0.0 3.2 22.5 15:40 ESE
19 26.4 33.9 13:50 21.9 4:50 0.0 8.2 0.0 2.9 24.1 15:10 ESE
20 25.2 30.7 13:20 20.7 4:10 0.0 6.9 0.0 5.3 32.2 14:30 ESE
21 25.3 30.1 14:30 21.7 1:50 0.0 7.0 0.0 6.1 33.8 12:10 ESE
22 26.1 31.2 14:20 21.7 3:30 0.0 7.8 0.0 3.9 29.0 13:00 ESE
23 26.8 32.4 14:30 21.9 6:40 0.0 8.5 0.0 2.7 29.0 13:30 ESE
24 25.3 30.0 14:50 21.9 5:40 0.0 7.1 0.0 3.7 25.7 11:30 ESE
25 24.7 30.2 12:20 20.2 6:00 0.0 6.4 0.0 2.6 27.4 14:50 ESE
26 23.5 27.4 13:30 20.7 4:30 0.0 5.2 0.0 3.7 30.6 13:10 ESE
27 22.9 27.2 14:40 19.1 00:00 0.0 4.6 0.0 5.1 32.2 13:00 ESE
28 23.1 29.4 12:30 18.7 4:50 0.0 4.8 0.0 2.9 32.2 14:10 E
29 23.7 29.7 13:20 18.9 4:40 0.0 5.4 0.0 2.7 30.6 13:50 ESE
30 24.9 29.7 14:40 20.7 3:40 0.0 6.6 0.0 3.5 30.6 17:10 ESE
31 25.9 31.6 14:40 21.0 6:00 0.0 7.6 0.0 2.3 25.7 13:00 E
-------------------------------------------------------------------------------------
25.7 34.9 12 18.7 28 0.0 228.8 0.0 3.8 35.4 4 ESE
Max >= 32.0: 9
Max <= 0.0: 0
Min <= 0.0: 0
Min <= -18.0: 0
Max Rain: 0.00 ON 01/08/16
Days of Rain: 0 (> .2 mm) 0 (> 2 mm) 0 (> 20 mm)
Heat Base: 18.3 Cool Base: 18.3 Method: Integration