NOAA Reports/Αναφορές NOAA

Select a Year or Month report
2019 > Jan Feb Mar Apr May Jun Jul Aug Sep Oct Nov Dec
2018 > Jan Feb Mar Apr May Jun Jul Aug Sep Oct Nov Dec
2017 > Jan Feb Mar Apr May Jun Jul Aug Sep Oct Nov Dec
2016 > Jan Feb Mar Apr May Jun Jul Aug Sep Oct Nov Dec

Report for 2019 10
                   MONTHLY CLIMATOLOGICAL SUMMARY for OCT. 2019

NAME: Profitis Ilias Weather Station   CITY: Profitis Ilias    STATE: Greece 
ELEV:   355 m  LAT:  35 12' 00" N  LONG:  25 06' 00" E

                   TEMPERATURE (C), RAIN  (mm), WIND SPEED (km/hr)

                                      HEAT  COOL        AVG
    MEAN                              DEG   DEG         WIND                 DOM
DAY TEMP  HIGH   TIME   LOW    TIME   DAYS  DAYS  RAIN  SPEED HIGH   TIME    DIR
------------------------------------------------------------------------------------
 1  23.8  29.9   14:30  19.9    7:40   0.0   5.6   0.0   1.1  17.7   11:30   ESE
 2  22.7  31.1   13:10  18.1    5:50   0.0   4.4   0.0   1.0  22.5   14:30     E
 3  22.8  28.4   13:00  18.5    6:10   0.0   4.6   0.2   2.6  29.0   12:50     E
 4  24.4  30.7   12:50  20.6    5:10   0.0   6.1   0.0   5.1  40.2    9:30     E
 5  21.8  26.9   11:50  18.0    5:30   0.0   3.5   0.0   0.6  17.7    0:30     E
 6  20.9  28.5   12:50  16.5    3:50   0.3   2.9   0.0   1.1  20.9   15:10   ESE
 7  20.8  26.4   12:30  17.7    5:30   0.0   2.5   0.6   2.1  29.0   10:10     E
 8  20.4  27.0   13:40  17.8   22:20   0.0   2.1   7.6   1.3  24.1   14:30     E
 9  19.3  24.2   14:10  17.1   23:50   0.3   1.4   0.0   1.0  19.3   14:10     E
10  20.4  27.2   13:10  16.0    7:30   0.6   2.7   0.4   0.5  12.9   14:40   ESE
11  21.9  27.2   14:50  18.1   23:10   0.0   3.7   0.0   1.1  19.3   15:50   ESE
12  20.3  24.5   12:10  17.2    6:10   0.1   2.1   0.0   4.3  30.6   12:40   ESE
13  19.9  25.4   13:00  16.1   23:50   0.4   2.0   0.0   2.9  25.7   14:30     E
14  19.1  24.6   14:40  15.1    7:10   1.1   1.9   0.2   1.0  20.9   10:40     E
15  18.9  24.4   13:50  14.7    6:20   1.1   1.7   0.2   1.0  19.3   14:50   ESE
16  19.3  25.9   13:00  15.4    4:20   0.9   1.9   0.2   1.6  29.0   14:30   ESE
17  20.2  28.3   13:20  15.9    7:20   0.6   2.5   0.0   0.6  22.5   14:00     E
18  19.3  24.6   14:10  17.6   00:00   0.1   1.2   1.8   0.5  20.9   12:20    SE
19  18.3  19.7    5:40  17.2    1:00   0.1   0.1   0.0   0.0   6.4    3:00    NE
20
21
22
23
24
25
26
27
28
29
30
31
-------------------------------------------------------------------------------------
    20.8  31.1     2    14.7    15     5.6  52.7  11.2   1.6  40.2     4       E

Max >=  32.0:  0
Max <=   0.0:  0
Min <=   0.0:  0
Min <= -18.0:  0
Max Rain: 7.59 ON 08/10/19
Days of Rain: 8 (> .2 mm) 1 (> 2 mm) 0 (> 20 mm)
Heat Base:  18.3  Cool Base:  18.3  Method: Integration