NOAA Reports/Αναφορές NOAA

Select a Year or Month report
2019 > Jan Feb Mar Apr May Jun Jul Aug Sep Oct Nov Dec
2018 > Jan Feb Mar Apr May Jun Jul Aug Sep Oct Nov Dec
2017 > Jan Feb Mar Apr May Jun Jul Aug Sep Oct Nov Dec
2016 > Jan Feb Mar Apr May Jun Jul Aug Sep Oct Nov Dec

Report for 2019 07
                   MONTHLY CLIMATOLOGICAL SUMMARY for JUL. 2019

NAME: Profitis Ilias Weather Station   CITY: Profitis Ilias    STATE: Greece 
ELEV:   355 m  LAT:  35 12' 00" N  LONG:  25 06' 00" E

                   TEMPERATURE (C), RAIN  (mm), WIND SPEED (km/hr)

                                      HEAT  COOL        AVG
    MEAN                              DEG   DEG         WIND                 DOM
DAY TEMP  HIGH   TIME   LOW    TIME   DAYS  DAYS  RAIN  SPEED HIGH   TIME    DIR
------------------------------------------------------------------------------------
 1  22.1  26.3   12:40  18.3    5:00   0.0   3.8   0.0   5.1  35.4   14:50     E
 2  23.7  30.1   12:10  17.9    6:20   0.0   5.4   0.0   2.1  24.1   15:40   ESE
 3  24.8  31.9   14:20  18.8    5:30   0.0   6.5   0.0   1.6  20.9   14:30     E
 4  26.2  33.4   14:10  20.2    7:10   0.0   7.9   0.0   2.4  25.7   14:10   ESE
 5  27.5  32.1   13:40  22.6    3:40   0.0   9.2   0.0   4.2  27.4   14:00     E
 6  26.6  31.4   13:40  22.4    6:50   0.0   8.3   0.0   4.8  30.6   15:00     E
 7  27.0  32.8   14:00  21.4    6:20   0.0   8.7   0.0   2.3  29.0   15:40     E
 8  28.9  35.6   14:30  22.2    5:30   0.0  10.6   0.0   1.6  22.5   13:30   ESE
 9  29.3  36.0   15:30  24.8    5:10   0.0  11.0   0.0   1.6  19.3   11:50   ESE
10  29.8  35.6   14:30  24.4    1:00   0.0  11.5   0.0   2.3  29.0   16:40   ESE
11  29.5  37.7   11:10  21.3   00:00   0.0  11.2   0.0   3.4  29.0   16:10     E
12  22.8  26.6   13:30  19.4   22:50   0.0   4.5   0.0   6.0  38.6   13:40     E
13  23.8  29.6   15:20  18.4    4:10   0.0   5.5   0.0   1.6  27.4   16:10     E
14  25.8  32.3   13:40  20.9    6:40   0.0   7.5   0.0   0.8  17.7   12:40     E
15  24.4  29.2   16:00  20.1    6:50   0.0   6.1   0.0   1.4  22.5   16:00     E
16  25.1  30.3   14:20  20.3    6:20   0.0   6.7   0.0   1.9  20.9   12:20     E
17  22.7  27.7   12:40  17.1    7:20   0.0   4.4   3.6   1.1  20.9   13:10     E
18  23.6  29.5   13:20  19.2   00:00   0.0   5.3   0.0   2.6  30.6   14:30     E
19  19.9  25.9    9:00  18.7    5:00   0.0   0.6   0.0   0.0   8.0    8:50     E
20
21
22
23
24
25
26
27
28
29
30
31
-------------------------------------------------------------------------------------
    25.5  37.7    11    17.1    17     0.0 134.7   3.6   2.5  38.6    12       E

Max >=  32.0:  8
Max <=   0.0:  0
Min <=   0.0:  0
Min <= -18.0:  0
Max Rain: 3.61 ON 17/07/19
Days of Rain: 1 (> .2 mm) 1 (> 2 mm) 0 (> 20 mm)
Heat Base:  18.3  Cool Base:  18.3  Method: Integration