NOAA Reports/Αναφορές NOAA

Select a Year or Month report
2022 > Jan Feb Mar Apr May Jun Jul Aug Sep Oct Nov Dec
2021 > Jan Feb Mar Apr May Jun Jul Aug Sep Oct Nov Dec
2020 > Jan Feb Mar Apr May Jun Jul Aug Sep Oct Nov Dec
2019 > Jan Feb Mar Apr May Jun Jul Aug Sep Oct Nov Dec
2018 > Jan Feb Mar Apr May Jun Jul Aug Sep Oct Nov Dec
2017 > Jan Feb Mar Apr May Jun Jul Aug Sep Oct Nov Dec
2016 > Jan Feb Mar Apr May Jun Jul Aug Sep Oct Nov Dec

Report for 2022 01
                   MONTHLY CLIMATOLOGICAL SUMMARY for JAN. 2022

NAME: Profitis Ilias Weather Station   CITY: Profitis Ilias    STATE: Greece 
ELEV:   355 m  LAT:  35 12' 00" N  LONG:  25 06' 00" E

                   TEMPERATURE (C), RAIN  (mm), WIND SPEED (km/hr)

                                      HEAT  COOL        AVG
    MEAN                              DEG   DEG         WIND                 DOM
DAY TEMP  HIGH   TIME   LOW    TIME   DAYS  DAYS  RAIN  SPEED HIGH   TIME    DIR
------------------------------------------------------------------------------------
 1  12.3  15.7   12:50   9.8   23:50   6.0   0.0   1.0   1.6  16.1   11:20     E
 2  12.1  15.9   12:10   9.4    2:00   6.2   0.0   0.0   2.7  32.2   12:10     E
 3  12.5  17.6   12:30   8.9    6:00   5.8   0.0   0.0   1.0  16.1   14:20     E
 4  12.6  17.2   13:10   9.1    6:30   5.7   0.0   0.0   0.5  12.9   12:40   WNW
 5  13.3  17.8   12:20   9.8    3:10   5.0   0.0   0.2   1.9  27.4   20:30   SSW
 6  13.4  16.5   10:20  11.7   22:50   4.9   0.0   0.0   5.0  32.2    5:00   SSW
 7  12.4  16.7   11:00  10.4    6:50   5.8   0.0   0.0   2.4  22.5    1:50   ENE
 8  13.4  16.5   12:40  11.4    0:50   4.9   0.0   0.4   8.9  41.8   12:50     E
 9  10.3  12.4    0:20   8.2   19:00   7.9   0.0   8.6   3.2  32.2   15:00     E
10   9.8  12.5   11:30   8.4    6:10   8.5   0.0  13.4   4.0  43.5   23:00   SSW
11   9.5  12.4   13:10   7.8    3:10   8.8   0.0  13.4   6.1  41.8   22:40   ENE
12   9.2  14.3   10:10   6.4   23:40   9.1   0.0  54.2   4.2  30.6   16:10    SW
13   4.9   6.8   11:10   3.2   19:20  13.4   0.0  17.0   6.6  35.4   13:00    SE
14   6.2   9.5   13:20   3.4    0:10  12.1   0.0   1.8   6.0  37.0   13:10    SW
15   8.8  13.0   12:00   4.2    4:00   9.5   0.0   0.0   3.7  27.4   10:40     E
16   7.6  10.3   12:40   4.5   23:40  10.7   0.0   0.0   5.5  30.6   15:30     E
17   8.9  13.1   13:10   3.6    6:20   9.4   0.0   0.0   1.0  19.3   19:30     E
18   9.0  12.9    9:50   5.4   00:00   9.3   0.0  11.0   2.3  22.5    9:20     E
19   5.4   5.5    0:10   5.3    0:20   0.2   0.0   0.0   0.0   3.2    0:10   ESE
20
21
22
23
24
25
26
27
28
29
30
31
-------------------------------------------------------------------------------------
    10.1  17.8     5     3.2    13   143.5   0.0 121.0   3.5  43.5    10       E

Max >=  32.0:  0
Max <=   0.0:  0
Min <=   0.0:  0
Min <= -18.0:  0
Max Rain: 54.20 ON 12/01/22
Days of Rain: 10 (> .2 mm) 6 (> 2 mm) 1 (> 20 mm)
Heat Base:  18.3  Cool Base:  18.3  Method: Integration